-5*r = -2*c - 100. What is the remainder when 98 is divided by r?
18
Let g = 80 - 55. Calculate the remainder when 47 is divided by g.
22
Suppose 0*r - 3*r + 39 = 0. Let c(n) = 27*n + 5*n**2 + 7 - 27*n - n**3 + 2*n**3. What is the remainder when r is divided by c(-5)?
6
Let w(o) = -o**2 + o + 4. Let g be w(3). Let i(f) = 2*f**2 + 13*f - 3. What is the remainder when g/3 - 40/(-6) is divided by i(-7)?
2
Let g(s) = s**3 + 10*s**2 - s + 11. Calculate the remainder when g(-10) is divided by 8.
5
Suppose -2*b + 3*b + 2 = 0. Calculate the remainder when -2*1*-5 + b is divided by 3.
2
Let m(a) = -a**3 - 5*a**2 + 2*a - 8. Let q(s) = s**3 + 3*s**2 - 3*s - 2. Let k be q(-4). Calculate the remainder when 31 is divided by m(k).
15
Suppose -n + 15 = l, 5*n - 3*l - 95 = n. Calculate the remainder when n is divided by (-4)/(-14) - (-188)/28.
6
Suppose 0 = -4*w + 7*w + 9. Calculate the remainder when -2 - (w - (2 + 47)) is divided by 13.
11
Calculate the remainder when (10 - 8)/(2/7) is divided by 2.
1
Suppose 2 = u - 3. Suppose -7*z = -2*z - 95. Calculate the remainder when z is divided by u.
4
Let t = 56 + -30. Let n(i) = 51*i**2 - i + 1. What is the remainder when n(1) is divided by t?
25
Suppose -p = -z - 12, 3*z - p - 4*p + 44 = 0. What is the remainder when 26 is divided by (-106)/z - 12/(-16)?
12
Suppose 0 = -2*o - 5*w + 408, 4*o = -4*w + 559 + 281. Calculate the remainder when o is divided by 43.
42
What is the remainder when (-1)/(0 - 1/55) is divided by 152/(-40)*10/(-2)?
17
Suppose -j = -4*j. Suppose 5*u - 278 = -3*y, -3*y + 104 = 2*u - j*y. Calculate the remainder when u is divided by 15.
13
Suppose 3*j + 105 = 6*j. What is the remainder when j is divided by 8?
3
Let k(l) = -9*l**3 + 3*l**2 + l - 1. Calculate the remainder when 79 is divided by k(-1).
9
Suppose -x + 3*w + 12 = x, 3*w + 6 = x. Let v be (-10)/2*(-4)/(-4). Let c(n) = n**2 + 3*n + 6. What is the remainder when c(v) is divided by x?
4
What is the remainder when 288/(-4)*(-4)/6 is divided by 13?
9
Let m = 0 - -4. Suppose m*y - 2*y - 10 = 0. Suppose 2*n = 4*r - 12, 13 = y*r - 7. Calculate the remainder when 3 is divided by n.
1
Let g = 115 - 106. What is the remainder when 28 is divided by g?
1
Let a(u) = 16*u**2 - 1 + 1 - 1 + 13*u**2. Let l be a(1). Let z = -19 + l. Calculate the remainder when 17 is divided by z.
8
Let p = 40 + -11. What is the remainder when 86 is divided by p?
28
Let h be 0/(0 + -1 - -2). Suppose h = o + 3*r - 3, 3*o = 5*r + 16 + 21. Calculate the remainder when 35 is divided by o.
8
Let o(m) = 5*m**2 + 7*m + 15. Let w be o(-8). Let d = -9 - -14. Suppose 0 = d*l - 26 - w. Calculate the remainder when l is divided by 21.
19
Suppose 0 = -2*u + 22 + 18. Suppose -135 = -4*r - 43. Suppose 2*q - y = r, -q + 2*y = y - 12. What is the remainder when u is divided by q?
9
Let k(s) = -5*s**3 - s**2 - s - 1. Suppose -b - b - 2 = 0. Calculate the remainder when 10 is divided by k(b).
2
Let t = -44 + 76. Calculate the remainder when t is divided by (1/2)/(3/66).
10
Suppose -x + 4*x = 27. Suppose -5*i - b + 74 - 2 = 0, -2*i - 4*b + 18 = 0. What is the remainder when i is divided by x?
6
Let x(b) = -b**3 - 4*b**2 + 3*b - 2. Let d be x(-7). Let u = -87 + d. Let w(z) = -2*z**2 - 46*z - 31. Calculate the remainder when u is divided by w(-22).
11
Suppose 205 + 47 = 4*m. Suppose -m = -3*x - 0. What is the remainder when 82 is divided by x?
19
Let w = -48 - -73. What is the remainder when 69 is divided by w?
19
Let b(l) = l**2 - 7*l + 2. Suppose -o - 38 = -5*v, -3*v = 5*o - 2*o - 12. Let q be b(v). Suppose q*r = 129 - 45. What is the remainder when r is divided by 22?
20
Calculate the remainder when 74 is divided by 18 + ((-6)/(-9))/(4/6).
17
Suppose 5*n = 22 - 2. Suppose -x + 0*z + 29 = -5*z, 0 = -4*x - 4*z - n. Let t = 19 - x. Calculate the remainder when t is divided by 8.
7
What is the remainder when 130 is divided by (2/2)/((-2)/(-66))?
31
Suppose 2*x - 34 = 4*h, 5*h + 13 + 24 = -3*x. Let c(v) = v**3 + 7*v**2 - 10*v + 6. Calculate the remainder when c(h) is divided by 12.
10
Suppose 282 = 4*i - i + 3*r, -i + 91 = 4*r. What is the remainder when i is divided by 12?
11
Let a = 39 + -17. Let d = 43 - a. Calculate the remainder when d is divided by 11.
10
Let p = 1 + 0. What is the remainder when 1 is divided by p?
0
Let n = 18 + -9. Suppose 5*x - n = 31. Calculate the remainder when 23 is divided by x.
7
Suppose 2*x - 60 = 66. Suppose 5*t + 0*t = 65. What is the remainder when x is divided by t?
11
Let t = -9 + 15. Let k = t - 6. Suppose 2*i + 2*c - 46 = -k*c, -3*i + c = -77. What is the remainder when i is divided by 13?
12
Let q(b) = b**3 - 5*b**2 + 4*b - 1. Let c(a) be the first derivative of -a**2/2 + 12*a + 1. What is the remainder when q(5) is divided by c(5)?
5
Let p be 72 - (-6 + 0 + 3). Suppose p = -10*r + 15*r. Let y = 3 + 5. Calculate the remainder when r is divided by y.
7
Let n = -7 + 3. Let g = 6 + n. Suppose g*w = 3*w - 10. What is the remainder when w is divided by 6?
4
Suppose -o = 4*m - 49, -5*m = o - 0*o - 60. What is the remainder when 39 is divided by m?
6
Calculate the remainder when 51 is divided by ((-9)/6)/((-9)/156).
25
Suppose 0 = o - 6*o + 25. Suppose -o*q = -19 - 36. Calculate the remainder when 42 is divided by q.
9
Let m be 18/10*140/21. Let x(j) = 2*j - 12. Let q(k) = -7*k - 5. Calculate the remainder when q(-4) is divided by x(m).
11
Let y(j) = 26*j - 11. Let n(d) = 13*d - 6. Let m(l) = 9*n(l) - 4*y(l). Let s be m(7). Suppose 3*c - s = -0*c. What is the remainder when c is divided by 10?
7
Suppose s = -s - p - 7, 2*s = -4*p - 22. Let w = s + 12. Let r = w - 9. What is the remainder when 4 is divided by r?
0
Let b(j) = -7*j - 3. What is the remainder when 30 is divided by b(-2)?
8
Let l(d) = d**2 + 5 + 0*d - 13*d + 3*d. Calculate the remainder when 7 is divided by l(10).
2
Suppose -24 = -3*u - 0*u. Let o = -1 - -4. What is the remainder when u is divided by o?
2
Let h be (-4 - -4) + 1 + 2. Suppose 2*x - h*x = -4. Suppose 2*b + 40 = x*c, -3*b - 9 = 3. What is the remainder when 23 is divided by c?
7
Suppose 78 = 5*v + 23. What is the remainder when v is divided by -2 - (1 + (-10 - -1))?
5
Suppose 12 = 4*p, 7*d + 3*p = 3*d + 25. Suppose r = 3*r - d. Suppose t - 6*t + 5*a = -110, -r*a - 10 = 0. Calculate the remainder when t is divided by 6.
5
Let u(f) = -32*f - 10. What is the remainder when u(-3) is divided by 11?
9
Suppose 0*t + 60 = 5*t. What is the remainder when t is divided by 7?
5
Suppose -5*r = -4*g + 2, g = 3*r + 2*g - 9. Suppose 0 = r*q + 7 - 49. What is the remainder when 82 is divided by q?
19
Let b(z) = -3*z + 37. What is the remainder when b(9) is divided by 1?
0
Suppose -n = r - 5, 4*r - 5*n + 11 = 2*r. Calculate the remainder when r/(-11) - 1146/(-11) is divided by 21.
20
Let i = 1 + -3. Let l = 30 + i. What is the remainder when l is divided by 10?
8
What is the remainder when 111 is divided by (-84)/(-9)*15/5?
27
Let l = 2 + 2. Suppose 5*p - w + 25 = 0, -36 = 3*p + p - l*w. What is the remainder when 5 is divided by 3/(-2)*p/2?
2
Suppose 2*w = -0*w + 8. Suppose -w*k - 24 = -8*k. What is the remainder when 11 is divided by k?
5
Suppose 5*i = 109 - 29. What is the remainder when i is divided by 9?
7
Let n = 189 - 155. What is the remainder when 133 is divided by n?
31
Let l = 26 - 14. Suppose -2*j = -3*j + l. Let x(o) = 34*o**2 - o + 1. Calculate the remainder when x(1) is divided by j.
10
Let f = -117 - -177. Calculate the remainder when 116 is divided by f.
56
Let q = 3 - -9. Let k = q + 4. What is the remainder when k is divided by 6?
4
Let u(m) be the first derivative of m**3/3 + 3*m**2/2 - 1. Let a(z) = -z - 16. Let i be a(-11). Calculate the remainder when 28 is divided by u(i).
8
Suppose -1 = 5*b - 16. Suppose b = -d + 3*j, 3 = 2*j + j. Suppose d = -y - y + 34. What is the remainder when y is divided by 6?
5
Let n = 17 + -8. Suppose -f - 15 = -5*f + b, -5*f + 2*b + 15 = 0. Calculate the remainder when n is divided by f.
4
Suppose -5*n = -14 - 1. Suppose 0*d - n*d = -12. Calculate the remainder when 15 is divided by d.
3
Let s(a) = -a**3 + 2*a**2 + 2*a + 2. What is the remainder when 41 is divided by s(-2)?
13
Let b(u) = 6*u**2 - 6*u. Let o be b(5). Suppose 5*i = -0*i + o. What is the remainder when 94 is divided by i?
22
Let f(u)